ate the remainder when 26 is divided by z.
12
Let b(n) = -n**3 + 5*n**2 - 5*n + 3. Let j = 56 + -35. Calculate the remainder when j is divided by b(3).
3
Let n = 22 + 3. Let z = 41 - 18. Let i = z + -14. Calculate the remainder when n is divided by i.
7
Let k = 4 - -4. Suppose 5*c - 2*c - 42 = 0. Calculate the remainder when c is divided by k.
6
Let k = 20 + -4. Let m(s) = 2*s - 4. Let i be (-4)/((-16)/(-10))*-2. What is the remainder when k is divided by m(i)?
4
Suppose 5*l - 2*s = 20 + 75, 5*l + 3*s = 70. Calculate the remainder when 30 is divided by l.
13
Let k(s) = 3 + 2*s**3 - 3*s**3 + s - s**2 + s + 3*s**2. What is the remainder when 42 is divided by k(-2)?
12
Suppose -n + 128 = 52. What is the remainder when n is divided by 26?
24
Let i(t) = t**2 + 3*t - 1. What is the remainder when i(6) is divided by 27?
26
Let b = -107 - -167. What is the remainder when b is divided by 17?
9
Let r = -44 - -49. Calculate the remainder when r is divided by 2.
1
Let s(q) = -23*q + 2. Let m = 1 - 2. What is the remainder when s(m) is divided by 13?
12
Suppose z - 5*z = -64. Let y(i) = i**3 - 9*i**2 + 5*i + 2. Suppose -2*p + 39 = p - 3*x, 0 = 3*p - 5*x - 47. What is the remainder when y(p) is divided by z?
15
Let r(q) = q - 4. Let p(n) = -16*n**3 - n**2 - n - 1. Let m be p(-1). Calculate the remainder when 32 is divided by r(m).
10
Suppose -2*p + 0 + 19 = -z, 11 = p - z. Calculate the remainder when p is divided by 3.
2
Let z = -2 - -5. Suppose z*p - 8*p + 40 = 0. Suppose y = -o + 10 + 24, 2*o - 161 = -5*y. What is the remainder when y is divided by p?
7
Let f = -35 - -49. Calculate the remainder when 81 is divided by f.
11
Let w(y) = y**2 - 4. Let i be w(6). Let l be (i/(-12))/(4/(-66)). Let f = l - 6. What is the remainder when f is divided by 13?
12
Suppose 7 = -4*y - 3*i, 5*y + 0*i + 15 = -5*i. Suppose -r + 10 = y. What is the remainder when 29 is divided by r?
5
Let w(h) = h. Let i be w(2). Suppose -14 = n - 5*q, n = -0*n + i*q - 2. Let c = -3 - -7. Calculate the remainder when n is divided by c.
2
Let k = -36 + 58. Calculate the remainder when k is divided by 13.
9
Let s(v) = -2*v**3 - v**2 + v + 2. Let l(n) = 5*n**3 - 2*n**2 + n - 1. What is the remainder when l(2) is divided by s(-2)?
9
What is the remainder when 0 + 1/((-4)/(-80)) is divided by 11?
9
Suppose -46 = -3*f - 148. Let t = -187 - -127. Let w = f - t. Calculate the remainder when w is divided by 14.
12
Let o(b) = 93*b. Let x be o(-1). Let t = -65 - x. What is the remainder when t is divided by 0 + (-9 - 1)*-1?
8
Suppose w - 2*w + 51 = 0. What is the remainder when w is divided by 13?
12
What is the remainder when 38 is divided by ((-12)/15)/(8/(-100))?
8
Let g(a) = 7 - 6*a + 2*a**3 + 8*a**2 + 13*a - a**3. Calculate the remainder when g(-6) is divided by 13.
11
Calculate the remainder when 930/40 + 2/(-8) + 0 is divided by 12.
11
Suppose -2*g - 2*g = 0. Let w be g/(-1)*(-2)/(-4). Suppose -5*b + 240 = 4*j, w*j = 3*j + 15. What is the remainder when b is divided by 18?
16
Suppose -3*r - 3*v - 15 = 0, 2*r + v = -4*v - 22. Let b = 77 - 55. What is the remainder when b is divided by (-48)/(1 - -3)*r?
10
Suppose -4*x - 134 = -666. Suppose 4*l - 5*f - x = 0, 3*l - 3*f - 99 = f. What is the remainder when l is divided by 13?
11
Suppose -8*s - 3906 = -26*s. What is the remainder when s is divided by 55?
52
Suppose -2*b - 36 = -50. What is the remainder when 27 is divided by b?
6
Let g(c) = -4*c**3 + 2*c + 1. Suppose 0 = -f + 1 + 2. Calculate the remainder when g(-1) is divided by f.
0
Let a = 335 + -230. Calculate the remainder when a is divided by 12.
9
What is the remainder when 63 is divided by (-2 + 0)*-1 - -20?
19
Suppose 3*k = h - 3*h + 22, 0 = 3*h - 2*k - 33. What is the remainder when h is divided by 6/3 - (0 + -2)?
3
Let h(l) = 13*l**2 - l + 1. Let t be h(-2). Suppose -2*k + 24 = -3*r - 2*r, -3*k + t = 2*r. What is the remainder when k is divided by 9?
8
Suppose -13 = 5*w - 3. Let n(j) = 2*j**2 + 3*j. Let h be n(w). Let z(d) = 3*d**3 - 3*d**2 + d. What is the remainder when z(h) is divided by 8?
6
Let b(s) be the third derivative of s**4/6 - s**3/2 + s**2. What is the remainder when b(7) is divided by 14?
11
Calculate the remainder when (36/30)/(4/110) is divided by 12.
9
Let z be (3/6)/(1/10). Suppose 2*a - z*a = -12. Calculate the remainder when 1*4*3/2 is divided by a.
2
Suppose -35 = 2*y - 7*y + t, -3*y = 3*t - 21. What is the remainder when y is divided by 8 + -1 + 15/(-5)?
3
Let y(d) = d**3 + 4*d**2 + d + 3. Let q be y(-4). Let b = 0 - q. Let u(n) = 4*n**3 - n**2 + n - 1. Calculate the remainder when 5 is divided by u(b).
2
Let q = -45 + 14. Let b = -19 - q. Calculate the remainder when 47 is divided by b.
11
Calculate the remainder when 44 is divided by ((-5)/25 + -1)/(4/(-30)).
8
Let i = 27 - 19. Suppose -h + 66 = 5*r, 0 = -5*r + 4*h + 19 + 67. Calculate the remainder when r is divided by i.
6
Suppose 3*g - 43 = 8. Let f(w) = -w**2 - 2*w - 1. Let a be f(-1). Calculate the remainder when g is divided by 10 + 1 - (a - -2).
8
Suppose -7*y + 2*v + 107 = -6*y, 0 = 4*y - 3*v - 418. What is the remainder when y is divided by 7?
5
Let b(g) = -g**3 + 5*g**2 + 2*g - 1. Calculate the remainder when b(3) is divided by 9.
5
Let w be 22 - (-6*1)/2. Let s = w + -10. What is the remainder when ((-28)/(-5))/(1/5) is divided by s?
13
Suppose -30 = -5*o + 30. What is the remainder when 44 is divided by o?
8
Let b(i) = -6*i - 2. Suppose -3*k - m - 28 + 9 = 0, 3*k = m - 23. Let j = k + 17. Calculate the remainder when b(-5) is divided by j.
8
Suppose -19 = -5*n - q + 4, -2*n + 4*q - 4 = 0. Calculate the remainder when 25 is divided by ((-6)/n)/(39/(-338)).
12
Let m(k) = k**3 + k**2 - 4*k + 4. Calculate the remainder when 53 is divided by m(3).
25
Calculate the remainder when (28*(-18)/(-48))/(3/44) is divided by 13.
11
What is the remainder when 39 is divided by 472/26 + -4 - 2/13?
11
Suppose 4*g = -3 + 19. Suppose g*a = 16, 5*a - 4 = 5*z + 6. Suppose 158 = 5*t + z*u, 0 = 5*t + 2*u - 3*u - 161. What is the remainder when t is divided by 11?
10
Suppose 0 = -0*o - 4*o. Suppose p + o - 11 = 0. Let b = 72 - 31. Calculate the remainder when b is divided by p.
8
Let l = -2 - -3. Suppose n - l = -3. Let o(j) = 17*j**2. Calculate the remainder when o(n) is divided by 23.
22
Suppose -f = -4*f. Suppose f = s - 3*i - 15 - 9, 27 = s - 4*i. Calculate the remainder when 26 is divided by s.
11
Let i(s) = -s + 16. Let x be 28/8*(-4)/(-7). Let o be (1 - -8) + (-2)/x. What is the remainder when 15 is divided by i(o)?
7
Let x(f) = f**2 + 5*f - 6. Let t(m) = -2*m - 1. Let d be t(3). Let s be x(d). Let z(y) = -y + 10. Calculate the remainder when 3 is divided by z(s).
1
Let p = -9 + 203. What is the remainder when p is divided by 49?
47
Suppose 0 = 2*x + x - 15. Let k(w) = w - 2. Let b be k(5). Suppose -b*m + 0 = -z + 6, -2*m + 13 = 5*z. What is the remainder when x is divided by z?
2
Let s = 17 - -2. Suppose -5*v + z = 2*z + 39, -9 = 3*v - 3*z. Let m(w) = -w + 3. What is the remainder when s is divided by m(v)?
9
Suppose 5*h - 3*z = 82, 2*h + z - 5 - 30 = 0. Calculate the remainder when 48 is divided by h.
14
Let n = 49 + -36. What is the remainder when n is divided by 5?
3
Suppose -4 + 0 = -q. Let j(n) = 10*n + 1. Calculate the remainder when j(q) is divided by 21.
20
Let i = -2 + 13. Suppose f = i - 4. Calculate the remainder when f is divided by (0 + -5 - -2)*-1.
1
Suppose 4*c - 24 = c. Let t = -64 + 156. Suppose 7*s - 3*s - t = 0. Calculate the remainder when s is divided by c.
7
Suppose -4*h - 20 = 0, -2*h = -4*d + 27 + 23. What is the remainder when d is divided by 1?
0
Suppose 0 = -k + 3*a + 17, 0 = -3*k - 6*a + 3*a + 15. Suppose 48 = 2*z + s, -z - 2*s = 3*s - 33. What is the remainder when z is divided by k?
7
What is the remainder when 65 is divided by ((-276)/(-24))/(1*(-1)/(-2))?
19
Suppose -3*m = -2*m + d - 28, -8 = -4*d. Suppose 0 = 2*o - 0 - m. Calculate the remainder when 36 is divided by o.
10
Let f = -105 + 131. Calculate the remainder when f is divided by 15.
11
Suppose 0 = -54*o + 58*o - 4. Let c = 11 - 8. What is the remainder when c is divided by o?
0
Suppose -7*o + 5*o + 102 = 0. What is the remainder when o is divided by 26?
25
Suppose -40 = -2*n - 4*g, -4*g = -4*n + 21 - 1. Calculate the rem